(-2). Calculate the highest common factor of f and x.
8
Suppose 118 - 280 = -6*l. Suppose l*w = -1418 + 9545. What is the greatest common factor of 129 and w?
43
Let t = 512 - 201. Let n = t + -287. What is the greatest common divisor of n and 492?
12
Let t = -1531 + 1618. Calculate the highest common divisor of 6 and t.
3
Let t be -2*-1*(-1 - -2). Suppose t*i + 125 = 7*i. Let k = 578 - 378. What is the greatest common divisor of k and i?
25
Let g be (-4)/(-18) - ((-646)/9 + 22). What is the highest common factor of g and 6400?
50
Let j(x) = -91*x**2 + 5*x + 4. Let r be j(-1). Let n be 6 - (r + 2/1). Calculate the highest common divisor of n and 30.
6
Suppose 9*j - 10*j - 23*j = -432. Calculate the greatest common divisor of 4869 and j.
9
Suppose 63*q + 42*q - 783 = 18*q. What is the greatest common divisor of 7 and q?
1
Let x be (7/14)/((-2)/(-264)). Let o = 64 - x. Let w be (10/(-2) + 3)/o. What is the greatest common factor of 4 and w?
1
Suppose 0 = -3*d + 8*d + 3*n - 8554, -4*n - 3432 = -2*d. What is the greatest common divisor of 48 and d?
16
Suppose -2*x + 4*t + 1148 = 0, 309*x + t - 1153 = 307*x. Calculate the highest common factor of x and 252.
36
Suppose -3*x = 4*a - 982, 2*a - 512 = 37*x - 35*x. Calculate the greatest common factor of 150 and a.
50
Suppose 4*m - 3*t - 1519 - 743 = 0, 0 = 3*t + 6. Suppose -84 = 15*n - m. What is the highest common factor of n and 368?
16
Suppose -3*d - s = -4051, -5*s - 14183 = -7*d - 4760. What is the greatest common divisor of 304 and d?
19
Let j(u) = -2*u**3 + 6*u**2 + 7*u + 11. Let i be j(-4). Let q = i + -67. Calculate the highest common factor of 112 and q.
28
Let f = 274 + -272. Suppose 4*c - 5*q - 439 = -f*q, q = c - 111. Calculate the highest common divisor of 159 and c.
53
Let l be 19/(570/(-52608))*(-60)/24. Calculate the greatest common factor of 192 and l.
32
Suppose -3*b - x = -9, -x - 3*x + 9 = 3*b. Suppose -2*p - 5*l = -140, -3*l + 4*l = 4. Suppose -p = -3*r - r. Calculate the greatest common factor of r and b.
3
Suppose -104*m = 53*m + 17*m - 696. What is the highest common factor of m and 8?
4
Let m be (-2 + 322)/(-2) - 5. Let g be m/(-8) + 30/80. Calculate the greatest common factor of 21 and g.
21
Let d = -24068 - -24203. Suppose -16 + 46 = 2*w. Suppose -3*j = -2*j + k - w, 2*k - 75 = -5*j. Calculate the greatest common factor of d and j.
15
Let k be 6*(-9 - (1 + -56)). Calculate the highest common factor of k and 27.
3
Let c(z) = 81*z - 8. Let f be c(8). Let a(w) = 37*w**2 - 152*w + 36. Let o be a(4). Calculate the greatest common factor of f and o.
20
Let p(l) = -l. Let v(y) = 10*y + 70. Let s(f) = 8*p(f) + v(f). Let r be s(0). Let g be -1 + 3/((-6)/(-58)). Calculate the greatest common divisor of g and r.
14
Let d(g) = -107*g - 875. Let p be d(-9). What is the greatest common divisor of 6820 and p?
44
Let i(o) = o**3 - 41*o**2 - 133*o + 55. Let w be (44/14)/(2/28). Let v be i(w). What is the highest common factor of 297 and v?
11
Let f(r) = 43*r - 1 - 38*r - 1. Let o be f(5). Suppose 3*m = -z + o, -5*z + 34 = 3*m - 9. Calculate the greatest common factor of 48 and m.
6
Suppose 0 = -126*o + 131*o - 145. Suppose p + 41 = b - 219, -b = -3*p - 258. What is the highest common divisor of b and o?
29
Let f = -756 + 758. Suppose -68 = -j - f*d, 16*d - 327 = -5*j + 19*d. Calculate the highest common divisor of j and 90.
6
Let o be (3/(-9))/((-3)/108). Let z be (26 + 1)*(-4 - (-32)/o). Let h = 52 + z. Calculate the greatest common factor of h and 4.
4
Suppose -396 = -0*a - 2*a + h, -5*h + 990 = 5*a. Suppose 0 = 45*w + 754 - 4714. Calculate the highest common divisor of w and a.
22
Let n be (-2)/(-9) - ((25760/(-21))/16)/6. Calculate the greatest common divisor of 208 and n.
13
Let k = 8 + -5. Let i(n) = n + 6*n + 4 - 8 + 4*n**2 - 8*n + n**3. Let c be i(k). Calculate the greatest common divisor of 8 and c.
8
Suppose -39 = 4*x + 4*u - 247, 4*u = 0. What is the highest common divisor of 1027 and x?
13
Suppose 0 = 4*o - 3 + 7, 4*y - 3*o = 35203. Suppose 7*j = -18*j + y. What is the greatest common divisor of j and 64?
32
Suppose a + 2*y - 372 = 0, a + y = 3*a - 724. Calculate the greatest common factor of a and 1183.
91
Let p = 244 - 245. Let y be (6/(-6 + 3))/p. What is the greatest common divisor of 8 and y?
2
Let k(n) = -83*n - 25. Let y be 3/8 - (-255)/(-40). Let v be k(y). Calculate the highest common divisor of 43 and v.
43
Suppose i = -4*f + 40, 5*i + 140 = 10*i + 5*f. Let o be (2/((-32)/i))/((-1)/42). Let s = 64 - o. What is the highest common factor of s and 11?
1
Suppose -o - 7 = -14. Let v be 3 + ((-69)/(-12))/((-5)/(-40)). Calculate the greatest common factor of v and o.
7
Let f(n) = 16*n + 4. Let d be f(5). Let t = d - 39. Let r(q) = 49*q + 37. Let i be r(2). What is the greatest common divisor of t and i?
45
Let t be -24*(-310)/440*11. Suppose 0 = -c - 3*c + 1240. Calculate the highest common factor of c and t.
62
Let w(m) = -100*m + 714. Let z be w(3). Calculate the highest common divisor of 2346 and z.
138
Let i = -13566 - -13875. Calculate the greatest common divisor of i and 515.
103
Let j = 436 + -441. Let p be -20*(j - 168/15). Calculate the highest common factor of p and 24.
12
Suppose -5*w - 9 = 4*v, 3*v - 4 = 3*w - 31. Let j = 18 - v. Calculate the highest common factor of j and 40.
8
Let l(z) = -18*z - 1. Let y be 4/3*(-1083)/76. Let t be l(y). What is the highest common divisor of t and 11?
11
Let a be 2 + 0 - 2/(-2). Suppose 20*x + 233 = 3793. Suppose 14*j + 10 = x. What is the greatest common factor of a and j?
3
Let r be ((-1305)/(-10))/29*1144/6. Calculate the highest common divisor of 52 and r.
26
Let f(j) = 290*j - 404. Let p be f(2). Calculate the greatest common divisor of 240 and p.
16
Suppose -x = -4 + 2. Let a = -44 + 47. Suppose 39 = -a*i + 81. Calculate the greatest common factor of x and i.
2
Suppose 2*q + 42 = 2*c, 5*c + 44*q = 45*q + 85. Suppose 4*t - 123 = 17*b - c*b, 0 = -2*t - 3*b + 79. Calculate the greatest common factor of t and 1.
1
Let k = 696 + 4728. Calculate the greatest common divisor of k and 96.
48
Suppose -344 - 514 = -4*y - 3*b, 5*y = -2*b + 1076. Let z(m) = m**3 - 19*m**2 - 17*m + 30. Let c be z(20). What is the highest common factor of c and y?
18
Let l be (-304)/(-30) + 14/(-105). Suppose -l*c + 0*c + 1500 = 0. Calculate the greatest common divisor of 12 and c.
6
Suppose -64*n + 10936 = -61*n + 5*j, 3*n - 10924 = j. Calculate the highest common divisor of 12 and n.
6
Let l be (-7)/(-3) + (-8)/6. Let s be 8/(16/146) - 4*l. Suppose 3*m + 5 + 2 = f, s = 2*f + 5*m. Calculate the greatest common factor of f and 4.
2
Let s be (-4 - 55/(-11))/(2/56). What is the greatest common factor of s and 476?
28
Suppose -833 = -5*t - 2*g, -3*t + 496 = -3*g + 8*g. Suppose n - 94 = t. Calculate the greatest common factor of 29 and n.
29
Let s be (7994/14)/(((-14)/196)/(1/(-2))). What is the greatest common divisor of s and 7?
7
Suppose -5*k = -5*w + 17490, -3*w + k + 6646 + 3856 = 0. What is the greatest common factor of w and 374?
34
Suppose 2*a - a - 7 = 0. Suppose -1441*l + 4144 = -1293*l. What is the highest common factor of a and l?
7
Let o = 75 + -5. Let h = 14032 - 13920. Calculate the highest common divisor of h and o.
14
Let h = 751 + -716. Let y(z) = -4*z**3 - 6*z**2 - 6*z + 5. Let n be y(-5). Calculate the highest common factor of h and n.
35
Suppose u + 192 = 2*z, 6*u + 384 = 4*z + 8*u. What is the highest common factor of 444 and z?
12
Suppose -4*m + 4 = -24. Let a be 14/49 + -1 + 1328/m. What is the highest common divisor of a and 54?
27
Let o = 22475 - 310. What is the highest common divisor of o and 55?
55
Let i be ((-8)/(-6))/((-6)/(-387)). Let o = 710 + -709. Let d be (14 + -6 + 35)/o. Calculate the highest common factor of i and d.
43
Let m = -33 + 27. Let g be ((-16)/m)/(34/51). Suppose -g*h - 3*o = -20, -4*h + o + 36 = -0*o. Calculate the greatest common factor of 40 and h.
8
Suppose 0 = 5*k - 2*m + 5*m - 460, 0 = 2*k + 2*m - 180. Suppose 5*u - 410 = -k. What is the greatest common divisor of 36 and u?
9
Let m(c) = 49*c - 789. Let z be m(18). What is the highest common factor of z and 465?
93
Let r be (13554/(-15))/(-6) - (3 - (-119)/(-35)). What is the greatest common divisor of 302 and r?
151
Let q be (-2)/(-5) - (-11016)/85.